{"id":83,"date":"2016-10-10T18:00:09","date_gmt":"2016-10-10T18:00:09","guid":{"rendered":"https:\/\/www.kosmetikschule-zuerich.ch\/?page_id=83"},"modified":"2016-11-10T13:56:26","modified_gmt":"2016-11-10T13:56:26","slug":"modelle-gesucht","status":"publish","type":"page","link":"https:\/\/www.kosmetikschule-zuerich.ch\/index.php\/modelle-gesucht\/","title":{"rendered":"Modelle gesucht"},"content":{"rendered":"<p>Verw\u00f6hnen Sie sich oder Ihren Freund, Bekannte und Verwandte mit einer wohltuenden Kosmetikbehandlung und lassen Sie sich in unserer Modellpraxis von Sch\u00fclern verw\u00f6hnen. Zu <strong>Sonderpreisen <\/strong>und <strong>unter Anleitung unserer erfahrenen Lehrkr\u00e4fte<\/strong>.<\/p>\n<p>Lassen Sie sich mit der eine komplette Gesichtspflege und Manicure <strong>verw\u00f6hnen <\/strong>und sp\u00fcren Sie das zum <strong>Vorzugspreis von 79.-<\/strong> Fr. Dies unter <strong>st\u00e4ndiger Aufsicht und Unterst\u00fctzung<\/strong> der Fachlehrerin!<\/p>\n<p>Gegen einen Aufpreis sind auch zus\u00e4tzliche Behandlungen m\u00f6glich:<\/p>\n<ul>\n<li>Wimpern- und Brauen f\u00e4rben CHF 25.-<\/li>\n<li>Fusspflege CHF 55.-<\/li>\n<li> Haarentfernungen CHF ab 15.-<\/li>\n<\/ul>\n<p>Termin nach telefonischer Vereinbarung Tel.: +41 (0)43 818 51 20<\/p>\n","protected":false},"excerpt":{"rendered":"<p>Verw\u00f6hnen Sie sich oder Ihren Freund, Bekannte und Verwandte mit einer wohltuenden Kosmetikbehandlung und lassen Sie sich in unserer Modellpraxis von Sch\u00fclern verw\u00f6hnen. Zu Sonderpreisen und unter Anleitung unserer erfahrenen Lehrkr\u00e4fte. Lassen Sie sich mit der eine komplette Gesichtspflege und Manicure verw\u00f6hnen und sp\u00fcren Sie das zum Vorzugspreis von 79.- Fr. Dies unter st\u00e4ndiger Aufsicht &hellip; <a href=\"https:\/\/www.kosmetikschule-zuerich.ch\/index.php\/modelle-gesucht\/\" class=\"more-link\">Continue reading<span class=\"screen-reader-text\"> &#171;Modelle gesucht&#187;<\/span><\/a><\/p>\n","protected":false},"author":1,"featured_media":0,"parent":0,"menu_order":0,"comment_status":"closed","ping_status":"closed","template":"","meta":{"footnotes":""},"class_list":["post-83","page","type-page","status-publish","hentry"],"yoast_head":"<!-- This site is optimized with the Yoast SEO plugin v27.4 - https:\/\/yoast.com\/product\/yoast-seo-wordpress\/ -->\n<title>Modelle gesucht - Kosmetik Fachschule Bern, Z\u00fcrich, Wil<\/title>\n<meta name=\"robots\" content=\"index, follow, max-snippet:-1, max-image-preview:large, max-video-preview:-1\" \/>\n<link rel=\"canonical\" href=\"https:\/\/www.kosmetikschule-zuerich.ch\/index.php\/modelle-gesucht\/\" \/>\n<meta property=\"og:locale\" content=\"de_DE\" \/>\n<meta property=\"og:type\" content=\"article\" \/>\n<meta property=\"og:title\" content=\"Modelle gesucht - Kosmetik Fachschule Bern, Z\u00fcrich, Wil\" \/>\n<meta property=\"og:description\" content=\"Verw\u00f6hnen Sie sich oder Ihren Freund, Bekannte und Verwandte mit einer wohltuenden Kosmetikbehandlung und lassen Sie sich in unserer Modellpraxis von Sch\u00fclern verw\u00f6hnen. Zu Sonderpreisen und unter Anleitung unserer erfahrenen Lehrkr\u00e4fte. Lassen Sie sich mit der eine komplette Gesichtspflege und Manicure verw\u00f6hnen und sp\u00fcren Sie das zum Vorzugspreis von 79.- Fr. Dies unter st\u00e4ndiger Aufsicht &hellip; Continue reading &quot;Modelle gesucht&quot;\" \/>\n<meta property=\"og:url\" content=\"https:\/\/www.kosmetikschule-zuerich.ch\/index.php\/modelle-gesucht\/\" \/>\n<meta property=\"og:site_name\" content=\"Kosmetik Fachschule Bern, Z\u00fcrich, Wil\" \/>\n<meta property=\"article:modified_time\" content=\"2016-11-10T13:56:26+00:00\" \/>\n<meta name=\"twitter:card\" content=\"summary_large_image\" \/>\n<script type=\"application\/ld+json\" class=\"yoast-schema-graph\">{\"@context\":\"https:\\\/\\\/schema.org\",\"@graph\":[{\"@type\":\"WebPage\",\"@id\":\"https:\\\/\\\/www.kosmetikschule-zuerich.ch\\\/index.php\\\/modelle-gesucht\\\/\",\"url\":\"https:\\\/\\\/www.kosmetikschule-zuerich.ch\\\/index.php\\\/modelle-gesucht\\\/\",\"name\":\"Modelle gesucht - Kosmetik Fachschule Bern, Z\u00fcrich, Wil\",\"isPartOf\":{\"@id\":\"https:\\\/\\\/www.kosmetikschule-zuerich.ch\\\/#website\"},\"datePublished\":\"2016-10-10T18:00:09+00:00\",\"dateModified\":\"2016-11-10T13:56:26+00:00\",\"breadcrumb\":{\"@id\":\"https:\\\/\\\/www.kosmetikschule-zuerich.ch\\\/index.php\\\/modelle-gesucht\\\/#breadcrumb\"},\"inLanguage\":\"de-CH\",\"potentialAction\":[{\"@type\":\"ReadAction\",\"target\":[\"https:\\\/\\\/www.kosmetikschule-zuerich.ch\\\/index.php\\\/modelle-gesucht\\\/\"]}]},{\"@type\":\"BreadcrumbList\",\"@id\":\"https:\\\/\\\/www.kosmetikschule-zuerich.ch\\\/index.php\\\/modelle-gesucht\\\/#breadcrumb\",\"itemListElement\":[{\"@type\":\"ListItem\",\"position\":1,\"name\":\"Startseite\",\"item\":\"https:\\\/\\\/www.kosmetikschule-zuerich.ch\\\/\"},{\"@type\":\"ListItem\",\"position\":2,\"name\":\"Modelle gesucht\"}]},{\"@type\":\"WebSite\",\"@id\":\"https:\\\/\\\/www.kosmetikschule-zuerich.ch\\\/#website\",\"url\":\"https:\\\/\\\/www.kosmetikschule-zuerich.ch\\\/\",\"name\":\"Kosmetik Fachschule Bern, Z\u00fcrich, Wil\",\"description\":\"Kosmetikausbildung in Bern, Z\u00fcrich, Wil ab CHF 3490.-\",\"potentialAction\":[{\"@type\":\"SearchAction\",\"target\":{\"@type\":\"EntryPoint\",\"urlTemplate\":\"https:\\\/\\\/www.kosmetikschule-zuerich.ch\\\/?s={search_term_string}\"},\"query-input\":{\"@type\":\"PropertyValueSpecification\",\"valueRequired\":true,\"valueName\":\"search_term_string\"}}],\"inLanguage\":\"de-CH\"}]}<\/script>\n<!-- \/ Yoast SEO plugin. -->","yoast_head_json":{"title":"Modelle gesucht - Kosmetik Fachschule Bern, Z\u00fcrich, Wil","robots":{"index":"index","follow":"follow","max-snippet":"max-snippet:-1","max-image-preview":"max-image-preview:large","max-video-preview":"max-video-preview:-1"},"canonical":"https:\/\/www.kosmetikschule-zuerich.ch\/index.php\/modelle-gesucht\/","og_locale":"de_DE","og_type":"article","og_title":"Modelle gesucht - Kosmetik Fachschule Bern, Z\u00fcrich, Wil","og_description":"Verw\u00f6hnen Sie sich oder Ihren Freund, Bekannte und Verwandte mit einer wohltuenden Kosmetikbehandlung und lassen Sie sich in unserer Modellpraxis von Sch\u00fclern verw\u00f6hnen. Zu Sonderpreisen und unter Anleitung unserer erfahrenen Lehrkr\u00e4fte. Lassen Sie sich mit der eine komplette Gesichtspflege und Manicure verw\u00f6hnen und sp\u00fcren Sie das zum Vorzugspreis von 79.- Fr. Dies unter st\u00e4ndiger Aufsicht &hellip; Continue reading \"Modelle gesucht\"","og_url":"https:\/\/www.kosmetikschule-zuerich.ch\/index.php\/modelle-gesucht\/","og_site_name":"Kosmetik Fachschule Bern, Z\u00fcrich, Wil","article_modified_time":"2016-11-10T13:56:26+00:00","twitter_card":"summary_large_image","schema":{"@context":"https:\/\/schema.org","@graph":[{"@type":"WebPage","@id":"https:\/\/www.kosmetikschule-zuerich.ch\/index.php\/modelle-gesucht\/","url":"https:\/\/www.kosmetikschule-zuerich.ch\/index.php\/modelle-gesucht\/","name":"Modelle gesucht - Kosmetik Fachschule Bern, Z\u00fcrich, Wil","isPartOf":{"@id":"https:\/\/www.kosmetikschule-zuerich.ch\/#website"},"datePublished":"2016-10-10T18:00:09+00:00","dateModified":"2016-11-10T13:56:26+00:00","breadcrumb":{"@id":"https:\/\/www.kosmetikschule-zuerich.ch\/index.php\/modelle-gesucht\/#breadcrumb"},"inLanguage":"de-CH","potentialAction":[{"@type":"ReadAction","target":["https:\/\/www.kosmetikschule-zuerich.ch\/index.php\/modelle-gesucht\/"]}]},{"@type":"BreadcrumbList","@id":"https:\/\/www.kosmetikschule-zuerich.ch\/index.php\/modelle-gesucht\/#breadcrumb","itemListElement":[{"@type":"ListItem","position":1,"name":"Startseite","item":"https:\/\/www.kosmetikschule-zuerich.ch\/"},{"@type":"ListItem","position":2,"name":"Modelle gesucht"}]},{"@type":"WebSite","@id":"https:\/\/www.kosmetikschule-zuerich.ch\/#website","url":"https:\/\/www.kosmetikschule-zuerich.ch\/","name":"Kosmetik Fachschule Bern, Z\u00fcrich, Wil","description":"Kosmetikausbildung in Bern, Z\u00fcrich, Wil ab CHF 3490.-","potentialAction":[{"@type":"SearchAction","target":{"@type":"EntryPoint","urlTemplate":"https:\/\/www.kosmetikschule-zuerich.ch\/?s={search_term_string}"},"query-input":{"@type":"PropertyValueSpecification","valueRequired":true,"valueName":"search_term_string"}}],"inLanguage":"de-CH"}]}},"_links":{"self":[{"href":"https:\/\/www.kosmetikschule-zuerich.ch\/index.php\/wp-json\/wp\/v2\/pages\/83","targetHints":{"allow":["GET"]}}],"collection":[{"href":"https:\/\/www.kosmetikschule-zuerich.ch\/index.php\/wp-json\/wp\/v2\/pages"}],"about":[{"href":"https:\/\/www.kosmetikschule-zuerich.ch\/index.php\/wp-json\/wp\/v2\/types\/page"}],"author":[{"embeddable":true,"href":"https:\/\/www.kosmetikschule-zuerich.ch\/index.php\/wp-json\/wp\/v2\/users\/1"}],"replies":[{"embeddable":true,"href":"https:\/\/www.kosmetikschule-zuerich.ch\/index.php\/wp-json\/wp\/v2\/comments?post=83"}],"version-history":[{"count":4,"href":"https:\/\/www.kosmetikschule-zuerich.ch\/index.php\/wp-json\/wp\/v2\/pages\/83\/revisions"}],"predecessor-version":[{"id":166,"href":"https:\/\/www.kosmetikschule-zuerich.ch\/index.php\/wp-json\/wp\/v2\/pages\/83\/revisions\/166"}],"wp:attachment":[{"href":"https:\/\/www.kosmetikschule-zuerich.ch\/index.php\/wp-json\/wp\/v2\/media?parent=83"}],"curies":[{"name":"wp","href":"https:\/\/api.w.org\/{rel}","templated":true}]}}